s the thousands digit of 9858804?
8
What is the millions digit of 8848881?
8
What is the millions digit of 5504472?
5
What is the thousands digit of 15876668?
6
What is the units digit of 490053?
3
What is the tens digit of 1852680?
8
What is the hundreds digit of 9697648?
6
What is the hundreds digit of 12342937?
9
What is the tens digit of 308327?
2
What is the tens digit of 45636?
3
What is the hundreds digit of 200836?
8
What is the tens digit of 1939710?
1
What is the units digit of 18552978?
8
What is the hundreds digit of 1823299?
2
What is the tens digit of 1114467?
6
What is the thousands digit of 673176?
3
What is the ten thousands digit of 97431?
9
What is the hundreds digit of 2714803?
8
What is the tens digit of 371789?
8
What is the hundreds digit of 2498843?
8
What is the ten millions digit of 14164225?
1
What is the hundreds digit of 163716?
7
What is the units digit of 6189063?
3
What is the hundred thousands digit of 439225?
4
What is the hundred thousands digit of 607888?
6
What is the hundreds digit of 569932?
9
What is the millions digit of 4185934?
4
What is the millions digit of 13433989?
3
What is the thousands digit of 149599?
9
What is the hundreds digit of 98633?
6
What is the hundreds digit of 1209776?
7
What is the ten thousands digit of 4083241?
8
What is the ten thousands digit of 13822?
1
What is the tens digit of 211630?
3
What is the units digit of 43855?
5
What is the hundreds digit of 54246?
2
What is the hundreds digit of 41390?
3
What is the hundreds digit of 662858?
8
What is the units digit of 455618?
8
What is the millions digit of 1565976?
1
What is the ten thousands digit of 207422?
0
What is the units digit of 19490?
0
What is the ten thousands digit of 8618296?
1
What is the millions digit of 11506177?
1
What is the hundred thousands digit of 1772079?
7
What is the thousands digit of 8853963?
3
What is the thousands digit of 459284?
9
What is the tens digit of 3383848?
4
What is the thousands digit of 3567789?
7
What is the millions digit of 30370698?
0
What is the thousands digit of 2534312?
4
What is the hundreds digit of 171267?
2
What is the tens digit of 2964485?
8
What is the ten thousands digit of 6955509?
5
What is the hundred thousands digit of 2168518?
1
What is the units digit of 6558?
8
What is the thousands digit of 3714766?
4
What is the hundred thousands digit of 196223?
1
What is the hundred thousands digit of 726049?
7
What is the hundred thousands digit of 384968?
3
What is the thousands digit of 1710941?
0
What is the hundred thousands digit of 198793?
1
What is the hundred thousands digit of 678290?
6
What is the hundreds digit of 3201900?
9
What is the hundred thousands digit of 14513778?
5
What is the thousands digit of 1447474?
7
What is the hundreds digit of 6314481?
4
What is the hundred thousands digit of 671267?
6
What is the hundreds digit of 299585?
5
What is the millions digit of 1822096?
1
What is the hundreds digit of 1019429?
4
What is the units digit of 2480320?
0
What is the ten thousands digit of 32203?
3
What is the millions digit of 1446456?
1
What is the hundreds digit of 680871?
8
What is the units digit of 142575?
5
What is the hundreds digit of 8895709?
7
What is the units digit of 242043?
3
What is the tens digit of 269374?
7
What is the units digit of 79788?
8
What is the thousands digit of 15197603?
7
What is the tens digit of 143654?
5
What is the ten thousands digit of 105990?
0
What is the hundred thousands digit of 1785426?
7
What is the units digit of 111329?
9
What is the units digit of 93538?
8
What is the units digit of 573410?
0
What is the thousands digit of 4107468?
7
What is the tens digit of 153442?
4
What is the ten thousands digit of 389190?
8
What is the tens digit of 9589170?
7
What is the thousands digit of 148629?
8
What is the hundreds digit of 267148?
1
What is the hundreds digit of 127836?
8
What is the hundreds digit of 123574?
5
What is the hundreds digit of 190769?
7
What is the hundred thousands digit of 904980?
9
What is the ten millions digit of 18545401?
1
What is the ten millions digit of 16584969?
1
What is the units digit of 512837?
7
What is the ten millions digit of 28459674?
2
What is the ten thousands digit of 325055?
2
What is the hundred thousands digit of 1473751?
4
What is the units digit of 70660?
0
What is the hundreds digit of 436645?
6
What is the thousands digit of 2948776?
8
What is the tens digit of 1346963?
6
What is the thousands digit of 7792085?
2
What is the thousands digit of 440657?
0
What is the tens digit of 214639?
3
What is the ten thousands digit of 4099427?
9
What is the tens digit of 248658?
5
What is the millions digit of 2614459?
2
What is the ten thousands digit of 564206?
6
What is the hundreds digit of 6715087?
0
What is the tens digit of 333480?
8
What is the hundreds digit of 24609?
6
What is the hundred thousands digit of 105850?
1
What is the millions digit of 1141726?
1
What is the thousands digit of 5681872?
1
What is the thousands digit of 20809283?
9
What is the hundred thousands digit of 165074?
1
What is the units digit of 150292?
2
What is the hundred thousands digit of 4660912?
6
What is the units digit of 233787?
7
What is the hundred thousands digit of 106548?
1
What is the thousands digit of 17723913?
3
What is the tens digit of 248307?
0
What is the tens digit of 113842?
4
What is the millions digit of 7872879?
7
What is the units digit of 28243?
3
What is the ten thousands digit of 1890242?
9
What is the units digit of 958558?
8
What is the ten thousands digit of 2137044?
3
What is the units digit of 4386303?
3
What is the thousands digit of 4426931?
6
What is the ten thousands digit of 24407347?
0
What is the thousands digit of 2401912?
1
What is the hundred thousands digit of 5534011?
5
What is the ten thousands digit of 431949?
3
What is the ten thousands digit of 417376?
1
What is the millions digit of 1534879?
1
What is the ten thousands digit of 92491?
9
What is the hundreds digit of 95260?
2
What is the ten thousands digit of 2900285?
0
What is the tens digit of 59476?
7
What is the ten thousands digit of 1284623?
8
What is the hundred thousands digit of 649430?
6
What is the hundred thousands digit of 1551222?
5
What is the ten thousands digit of 26199?
2
What is the millions digit of 3001629?
3
What is the hundred thousands digit of 11386060?
3
What is the hundreds digit of 1061319?
3
What is the hundreds digit of 4854062?
0
What is the hundred thousands digit of 1236096?
2
What is the tens digit of 621153?
5
What is the tens digit of 4317618?
1
What is the millions digit of 2269295?
2
What is the thousands digit of 7982750?
2
What is the tens digit of 7632163?
6
What is the units digit of 2349264?
4
What is the units digit of 295242?
2
What is the ten thousands digit of 4816823?
1
What is the hundreds digit of 2297?
2
What is the units digit of 1095953?
3
What is the hundreds digit of 980794?
7
What is the ten millions digit of 15948771?
1
What is the ten thousands digit of 248980?
4
What is the hundreds digit of 153187?
1
What is the hundreds digit of 2071112?
1
What is the hundred thousands digit of 2455091?
4
What is the units digit of 14650652?
2
What is the ten thousands digit of 514315?
1
What is the units digit of 1328881?
1
What is the ten thousands digit of 355321?
5
What is the thousands digit of 405037?
5
What is the units digit of 1185671?
1
What is the thousands digit of 583123?
3
What is the ten thousands digit of 3718326?
1
What is the thousands digit of 451212?
1
What is the thousands digit of 248440?
8
What is the ten thousands digit of 144098?
4
What is the hundred thousands digit of 754998?
7
What is the millions digit of 4454764?
4
What is the thousands digit of 18063916?
3
What is the units digit of 794192?
2
What is the hundreds digit of 1674291?
2
What is the hundreds digit of 516215?
2
What is the thousands digit of 36852?
6
What is the hundred thousands digit of 337112?
3
What is the hundreds digit of 3005117?
1
What is the hundred thousands digit of 854621?
8
What is the thousands digit of 24007?
4
What is the tens digit of 8787?
8
What is the thousands digit of 1280141?
0
What is the hundred thousands digit of 2531953?
5
What is the